45) - 1802/(-40545). Suppose 5*h - 34 = -4*i, -4*i - 2*h - 37 = -7*i. Calculate the highest common divisor of i and r.
11
Let h(m) be the second derivative of 4*m**3 + 37*m**2 + 246*m. Let y be h(-3). Let w be (-1)/(-3) + (-40)/(-6). What is the greatest common divisor of y and w?
1
Suppose 6 - 41 = -7*d. Let t be (30/(-25))/((-14)/525). What is the greatest common divisor of t and d?
5
Let s(c) = -12*c - 56. Let w = 28 + -33. Let i be s(w). What is the highest common divisor of 172 and i?
4
Let p(x) = -8*x + 190. Let c be p(0). Calculate the highest common factor of 130 and c.
10
Let o = -3429 - -3629. What is the greatest common factor of 380 and o?
20
Suppose 2*p - 285 = -p. Suppose 3*b = 716 + 310. Suppose -22*i + 13*i = -b. Calculate the greatest common factor of i and p.
19
Let u = -11559 - -12515. What is the highest common divisor of u and 11233?
239
Let d(v) = v**3 + 7*v**2 + 5*v - 3. Let w be d(-7). Let g = 50 + w. Let a be (-94)/(-8) + ((-9)/g - -1). Calculate the greatest common factor of 4 and a.
4
Let a(v) = 3*v - 143. Let l be a(-21). Let p = 654 + l. What is the greatest common factor of p and 8?
8
Let d = 588 - 170. Let n = d - 374. Calculate the highest common divisor of 4 and n.
4
Let q = 7811 - 7597. Calculate the greatest common factor of 6 and q.
2
Let p be 47/((-423)/36) + 31. Calculate the greatest common divisor of 10575 and p.
9
Let y(z) = -1599*z + 3531. Let p be y(-7). What is the greatest common factor of p and 24?
12
Let y(k) = 27*k + 2. Let f(t) = 81*t + 6. Let i(w) = -4*f(w) + 11*y(w). Let d be i(-3). Let z = 178 - d. Calculate the highest common factor of 9 and z.
9
Let c(b) = -b**3 - 38*b**2 - 72*b + 24. Let l be c(-36). Let q be l/(-84) - ((-60)/14 - 2). Calculate the greatest common divisor of q and 66.
6
Let g be (84/10)/(-4 + 1/((-1725)/(-6930))). Let q = -34 - -55. Calculate the greatest common divisor of g and q.
21
Let g = -567 + 1097. Let t = 768 - g. What is the highest common divisor of 28 and t?
14
Suppose -4*q + 3*f + 24830 = 0, 198*q + 5*f + 24826 = 202*q. What is the greatest common factor of 28 and q?
7
Suppose 0 = -2*f - 15 + 495. Let r = -212 + f. Let k(a) = -3*a - 10. Let c be k(-8). Calculate the highest common factor of r and c.
14
Let r(i) = 113*i**3 + 3*i - 4. Let x be r(1). Let p = x - 105. What is the highest common factor of 427 and p?
7
Let z be 6/1*(-264)/(-144) - (0 + 3). What is the greatest common factor of 34 and z?
2
Let i(k) = 40*k + 64. Let p be i(0). What is the greatest common factor of p and 1504?
32
Suppose -286*p + 291*p = 20. Suppose 5*t + p*x = x + 235, 2*t + 5*x = 113. What is the highest common divisor of 32 and t?
4
Let m be (-279)/24*(-32)/12. Calculate the greatest common divisor of m and 2387.
31
Let f(k) be the first derivative of -k**4/4 + 20*k**3/3 + 10*k**2 + 30*k + 217. Let c be f(21). What is the greatest common divisor of 261 and c?
9
Suppose 3*w + 5431 - 5455 = 0, -9*y - 4*w = -410. Suppose 0 = -5*s + 4*r + 76, 0 = r - 1 + 5. Calculate the highest common factor of y and s.
6
Let w(p) = p**2 + p. Let u be w(-2). Let j(v) = v**3 + 21*v**2 - v - 18. Let t be j(-21). Let g be (2/5*t)/(5/25). What is the highest common factor of g and u?
2
Suppose 4*p = 2*o - 432, 4*o - 785 - 2 = -3*p. Suppose -544 = -0*q + 4*q. Let a = o + q. What is the greatest common divisor of a and 165?
33
Suppose 0 = 1013*v - 1010*v - 159. What is the greatest common divisor of 23214 and v?
53
Let p(o) = -o**2 + 4 - 30 - 42 - 25*o. Let n be p(-16). Calculate the highest common factor of 57 and n.
19
Suppose -204 = 3*r - 9. Let h = 124 + r. Let p = 203 - h. What is the highest common divisor of p and 16?
16
Let o(n) = -3*n + 3. Let q be o(-2). Let d be 0*(2 - q/6). Let b be -6*(d - 9/6). Calculate the highest common divisor of b and 99.
9
Suppose -8 = -4*v + 12. Suppose v*m + 3*c - 2 - 3 = 0, m = -3*c + 1. Let u = -51742 - -51743. What is the highest common divisor of m and u?
1
Let d be 155/2*(1596/35)/(-19). Let x be 12/9*(d/(-6) - 7). Calculate the highest common divisor of 160 and x.
32
Suppose -t = 4*f - 193, -3*t + 4*t = -2*f + 201. Calculate the highest common divisor of 99 and t.
11
Let t be ((-170)/(-119))/((-6)/(-21)). What is the highest common factor of 245 and t?
5
Suppose -8*d + 11*d = 3024. Suppose -342*r + 343*r - 14 = 0. Calculate the greatest common divisor of d and r.
14
Suppose 15*b - 25058 = -24383. What is the greatest common factor of 4905 and b?
45
Let y = -20 + 64. Let w be ((2464/35)/16)/(2/15). What is the greatest common factor of w and y?
11
Suppose -3*l + 12 = l. Let m be (-7224)/(-42) - (-1 - (2 + -1)). Let p = m + -171. Calculate the highest common divisor of l and p.
3
Let o be (-343 - -273)*124/(-5). Calculate the greatest common factor of o and 372.
124
Let u(z) be the second derivative of z**4/12 - z**3/2 - 7*z**2/2 + 38*z. Let v be u(7). Calculate the greatest common divisor of v and 105.
21
Let t(z) = 917*z**2 - 54105*z + 119. Let d be t(59). Let l be (55/4)/(1/4). Calculate the greatest common factor of d and l.
1
Suppose u - 98 - 112 = 0. Let j(a) = a**3 - 14*a**2 + 101*a - 864. Let n be j(12). Calculate the highest common factor of u and n.
30
Let p be 56/20*((-10 - -12) + 13). Calculate the highest common factor of 6153 and p.
21
Let h(i) = 5 - 22*i**2 + i**3 + 1 + 20*i**2 - 7*i. Let b be h(4). What is the highest common factor of b and 30?
10
Suppose -k - o - 4 + 1 = 0, o = 2. Let f be (3/(-2))/(42/(-8) - k). Suppose f*u = -2*u + 144. Calculate the greatest common factor of 54 and u.
18
Suppose h + h + 10 = 3*f, 3*f - 11 = h. Suppose f*s = 39 + 1873. Suppose 3*x + 103 = s. Calculate the highest common divisor of 25 and x.
25
Suppose -264 = -9*j - 3*j. Let s(r) = r**2 + 2*r + 3. Let x be 7/28 - 17/4. Let i be s(x). Calculate the highest common factor of i and j.
11
Let u = -9841 - -9945. What is the highest common factor of 328 and u?
8
Let k(f) = 4*f + 30. Let b be k(-6). Suppose -b*u + 4 = 4*m - 4*u, 0 = 4*m - 3*u - 24. Suppose 15*c - 17*c = -6. What is the greatest common divisor of m and c?
3
Suppose z + 6*a + 6 = 4*a, 2*a = -4*z. Suppose -8*y + z*y = -402. Let o = y - 66. Calculate the highest common divisor of 4 and o.
1
Let r = -8 - -12. Let a be 15 + r*(-2)/4. Let h(f) = f**2 - 23*f + 3. Let b be h(-5). What is the highest common divisor of b and a?
13
Suppose 0 = 2*a + 17 - 9. Let f(y) = 16*y**2 - 10*y - 26. Let g be f(a). What is the highest common factor of g and 108?
54
Suppose 233*l - 240 = 223*l. What is the greatest common divisor of 31944 and l?
24
Suppose -3330 = -7*o + 2*o. Let c = -581057 - -581205. Calculate the greatest common factor of o and c.
74
Suppose -3*p - 5766 = -34*p. Calculate the greatest common factor of 3627 and p.
93
Let g be (-33)/22*(-32)/(-3). Let x be (-1002)/g - (27/(-8) - -3). Calculate the greatest common divisor of 147 and x.
21
Let k = 440 - 320. What is the greatest common divisor of 105 and k?
15
Let z be 5 + -3 - (0 - 42). Let y = -109 + z. Let q be y/(-5) + 2 - (1 + 0). Calculate the greatest common factor of 14 and q.
14
Suppose -76 = -2*v - 3*r, v + 2*r - 31 = 9. Suppose -o = -v + 7. Calculate the greatest common divisor of 400 and o.
25
Let t be (10/(-4) + 2)*-82. Let s = -234 + 207. Let w be (-27)/s*(-2 + (166 - 0)). Calculate the greatest common divisor of w and t.
41
Let n(q) = -7*q - 27. Let t be n(-6). Suppose 4*c + t = -c. Let f be c - (0/(-3) + -17 + -1). Calculate the highest common factor of 45 and f.
15
Let w(p) = -2*p + 11. Suppose 4*x + 20 = y - 75, x - 5*y + 38 = 0. Let g = x + 18. Let t be w(g). What is the highest common factor of 3 and t?
3
Suppose -m - 3*k - 5 = 0, 0 = -k + 2*k - 1. Let r = m + 66. Let x = -55 + r. What is the greatest common divisor of x and 27?
3
Let g be (-37 + 39)/(4/222). Suppose 0 = -g*t + 116*t - 150. Calculate the greatest common factor of t and 60.
30
Let a be -6 + (340 + -3 - -5). Let q = a + -224. What is the greatest common divisor of 4 and q?
4
Let l = -64 + 74. Let f(m) = m**2 + 18*m + 170. Let q be f(-10). Calculate the greatest common divisor of q and l.
10
Let n be 5 + -4 + (-12864)/(-6). Let r = 3033 - n. Calculate the greatest common factor of r and 24.
24
Let s = -700 - -708. Let f(i) = -2*i**2 - 19*i + 30. Let b be f(-10). What is the hig